{"id":275,"date":"2018-05-28T16:37:39","date_gmt":"2018-05-28T16:37:39","guid":{"rendered":"http:\/\/asesoriaperezgarcia.es\/?page_id=275"},"modified":"2018-05-28T16:37:39","modified_gmt":"2018-05-28T16:37:39","slug":"aviso-legal-y-politica-de-privacidad","status":"publish","type":"page","link":"https:\/\/asesoriaperezgarcia.es\/index.php\/aviso-legal-y-politica-de-privacidad\/","title":{"rendered":"AVISO LEGAL Y POL\u00cdTICA DE PRIVACIDAD"},"content":{"rendered":"<p>[et_pb_section bb_built=\u00bb1&#8243;][et_pb_row][et_pb_column type=\u00bb4_4&#8243;][et_pb_text _builder_version=\u00bb3.4.1&#8243;]<\/p>\n<h1 style=\"text-align: center;\"><strong>AVISO LEGAL Y POL\u00cdTICA DE PRIVACIDAD<\/strong><\/h1>\n<p>&nbsp;<\/p>\n<p>MAR\u00cdA DOLORES GARC\u00cdA ROMERO es una profesional no s\u00f3lo comprometida con ofrecer a sus clientes la m\u00e1xima calidad de sus servicios, sino tambi\u00e9n con el escrupuloso cumplimiento de la legislaci\u00f3n vigente en materia de privacidad e internet.<\/p>\n<p>Es por ello que, a trav\u00e9s del presente aviso, el prestador de servicios de la sociedad de la informaci\u00f3n, proporciona los datos que est\u00e1 obligado a poner a disposici\u00f3n de los consumidores y usuarios, de conformidad con lo previsto en el art. 10 de la Ley 34\/2002, de 11 de julio, de servicios de la sociedad de la informaci\u00f3n y de comercio electr\u00f3nico y en la Ley Org\u00e1nica de Protecci\u00f3n de Datos de Car\u00e1cter Personal. Y todo ello en los siguientes t\u00e9rminos:<\/p>\n<p>1\u00ba. Esta web es propiedad de MAR\u00cdA DOLORES GARC\u00cdA ROMERO, con CIF 26803244X, domiciliada en C\/ Jerez Perchet, n\u00ba 40, 29014-M\u00e1laga, y con e-mail info@asesoriaperezgarcia.es<\/p>\n<p>MAR\u00cdA DOLORES GARC\u00cdA ROMERO es Licenciada en Derecho y letrada del Ilustre Colegio de Abogados de M\u00e1laga, colegiada con el n\u00famero 6.900.<\/p>\n<p>Las normas profesionales que le son aplicables son las siguientes:<\/p>\n<p>\u00b7 Real Decreto 658\/2001, de 22 de junio, por el que se aprueba el Estatuto General de la Abogac\u00eda Espa\u00f1ola.<\/p>\n<p>\u00b7 Ley 10\/2003, de 6 de noviembre, reguladora de los Colegios Profesionales de Andaluc\u00eda y su Reglamento.<\/p>\n<p>\u00b7 Estatutos del Ilustre Colegio de Abogados de M\u00e1laga aprobados en Junta General Extraordinaria de fecha 1 de diciembre de 2003.<\/p>\n<p>\u00b7\u00a0 C\u00f3digo Deontol\u00f3gico y Normas Orientadoras de Honorarios del Colegio de Abogados de M\u00e1laga.<\/p>\n<p>Estas normas pueden consultarse en el BOE, BOJA y en la web del referido colegio (www.icamalaga.es).<\/p>\n<p>2\u00ba. Todas las marcas, logotipos, nombres comerciales, signos distintivos, servicios, contenidos, v\u00eddeos, textos, fotograf\u00edas, gr\u00e1ficos, im\u00e1genes, software, links e informaciones de cualquier clase que aparecen en esta web son igualmente de propiedad de MAR\u00cdA DOLORES GARC\u00cdA ROMERO, por lo que no podr\u00e1n ser reproducidos, distribuidos, comunicados p\u00fablicamente, transformados o modificados sin su autorizaci\u00f3n expresa y por escrito.<\/p>\n<p>MAR\u00cdA DOLORES GARC\u00cdA ROMERO se reserva expresamente los derechos de reproducci\u00f3n, modificaci\u00f3n, adaptaci\u00f3n, comunicaci\u00f3n p\u00fablica, mantenimiento, correcci\u00f3n de errores, cesi\u00f3n, venta, alquiler, pr\u00e9stamo y cualquier otro derecho de propiedad intelectual o industrial sobre los contenidos de la web, prohibi\u00e9ndose el ejercicio de los anteriores derechos sin su autorizaci\u00f3n expresa.<\/p>\n<p>El establecimiento de un enlace o link a otra p\u00e1gina o sitio en Internet, no implica en ning\u00fan caso la aceptaci\u00f3n y aprobaci\u00f3n por parte de MAR\u00cdA DOLORES GARC\u00cdA ROMERO de sus contenidos o servicios, y por tanto no asume ninguna responsabilidad por ellos.<\/p>\n<p>Quien se proponga establecer un enlace o link en esta web deber\u00e1 solicitar previamente el consentimiento de su titular, reserv\u00e1ndose el mismo el derecho a reclamar los posibles da\u00f1os que se pudieran provocar por el establecimiento de este enlace o link sin la necesaria autorizaci\u00f3n.<\/p>\n<p>3\u00ba. Pol\u00edtica de Privacidad: MAR\u00cdA DOLORES GARC\u00cdA ROMERO ha procedido a adecuarse a la normativa de protecci\u00f3n de datos de car\u00e1cter personal conforme a la vigente Ley Org\u00e1nica de Protecci\u00f3n de Datos de Car\u00e1cter Personal (en adelante, LOPD), adaptando todas las medidas t\u00e9cnicas y organizativas necesarias para garantizar la seguridad de los datos de car\u00e1cter personal de sus clientes y usuarios, y para evitar su alteraci\u00f3n, p\u00e9rdida, tratamiento o acceso no autorizado.<\/p>\n<p>Los datos de car\u00e1cter personal que pudieran recogerse a trav\u00e9s de esta web, ser\u00e1n tratados de forma leal y l\u00edcita conforme a los principios y derechos recogidos en la LOPD y dem\u00e1s normativa de desarrollo.<\/p>\n<p>Dichos datos podr\u00e1n ser incorporados a ficheros debidamente inscritos ante la Agencia Espa\u00f1ola de Protecci\u00f3n de Datos, que est\u00e1n bajo responsabilidad de MAR\u00cdA DOLORES GARC\u00cdA ROMERO, con las finalidades concretas que se deriven de cumplir adecuadamente con los servicios solicitados y para env\u00edo de comunicaciones (incluso PUBLICITARIAS) que puedan ser de su inter\u00e9s y relacionadas siempre con los servicios propios de MAR\u00cdA DOLORES GARC\u00cdA ROMERO.<\/p>\n<p>Para el cumplimiento de los fines antes citados se puede proceder a la recogida de datos sensibles (salud, aficiones, estilo de vida, ideolog\u00eda\u2026), por tanto, usted presta su consentimiento expreso para el tratamiento de sus datos por parte de MAR\u00cdA DOLORES GARC\u00cdA ROMERO.<\/p>\n<p>Sus datos no podr\u00e1n ser cedidos a terceros sin su consentimiento, con las excepciones establecidas en la Ley.<\/p>\n<p>Los usuarios de la web podr\u00e1n ejercer sus derechos de acceso, rectificaci\u00f3n, cancelaci\u00f3n, oposici\u00f3n y dem\u00e1s reconocidos en la normativa de aplicaci\u00f3n, de sus datos ante MAR\u00cdA DOLORES GARC\u00cdA ROMERO por medio de la direcci\u00f3n de correo electr\u00f3nico info@asesoriaperezgarcia.es o mediante carta dirigida a MAR\u00cdA DOLORES GARC\u00cdA ROMERO en el domicilio indicado al principio.<\/p>\n<p>Resumen pol\u00edtica privacidad:<\/p>\n<p>INFORMACI\u00d3N B\u00c1SICA SOBRE PROTECCI\u00d3N DE DATOS<\/p>\n<p>Responsable MAR\u00cdA DOLORES GARC\u00cdA ROMERO<\/p>\n<p>Finalidad Gesti\u00f3n de sus datos para prestarle servicios profesionales propios de asesoramiento jur\u00eddico en general y asesoramiento t\u00e9cnico y gesti\u00f3n fiscal-laboral, contable. Env\u00edos publicitarios.<\/p>\n<p>Legitimaci\u00f3n Contrato de prestaci\u00f3n de servicios y consentimiento del interesado.<\/p>\n<p>Destinatarios Supuestos exigidos por Ley y encargados de tratamiento.<\/p>\n<p>Derechos Acceder, rectificar y suprimir los datos, as\u00ed como otros derechos, como se explica en la informaci\u00f3n adicional.<\/p>\n<p>Informaci\u00f3n<\/p>\n<p>adicional Ver en texto adjunto<\/p>\n<p>INFORMACI\u00d3N ADICIONAL SOBRE PROTECCI\u00d3N DE DATOS:<\/p>\n<p>1\u00ba. \u00bfQui\u00e9n es el responsable de tratamiento de sus datos?<\/p>\n<p>Identidad: MAR\u00cdA DOLORES GARC\u00cdA ROMERO- CIF: 26803244X.<\/p>\n<p>Direcci\u00f3n postal: C\/ Jerez Perchet, n\u00ba 40, 29014-M\u00e1laga.<\/p>\n<p>Tel\u00e9fono: 951 467 794 Correo electr\u00f3nico: info@asesoriaperezgarcia.es<\/p>\n<p>2\u00ba. \u00bfCon qu\u00e9 finalidad se tratan sus datos personales?<\/p>\n<p>Sus datos ser\u00e1n tratados con el fin de prestarle servicios profesionales propios de asesoramiento jur\u00eddico en general y asesoramiento t\u00e9cnico y gesti\u00f3n fiscal-laboral, contable. Igualmente se pueden tratar para enviarle comunicaciones publicitarias relacionadas con la actividad del responsable de tratamiento.<\/p>\n<p>Los datos que se tratan tienen car\u00e1cter obligatorio y debe proporcionarlos en todo caso, pues de lo contrario, no se podr\u00eda prestar el servicio encomendado.<\/p>\n<p>3\u00ba. \u00bfPor cu\u00e1nto tiempo se van a conservar sus datos?<\/p>\n<p>Los datos personales proporcionados se conservar\u00e1n mientras se mantenga la relaci\u00f3n profesional o mientras no se solicite su supresi\u00f3n por el interesado. No obstante, sus datos permanecer\u00e1n bloqueados durante los plazos de prescripci\u00f3n pertinentes conforme a la legislaci\u00f3n aplicable.<\/p>\n<p>4\u00ba. \u00bfCu\u00e1l es la legitimaci\u00f3n para el tratamiento de sus datos?<\/p>\n<p>La base legal para el tratamiento de sus datos es la ejecuci\u00f3n del contrato de prestaci\u00f3n de servicios profesionales.<\/p>\n<p>El env\u00edo de comunicaciones comerciales que pueda realizarse por el responsable de tratamiento, se ampara en su consentimiento, que ha prestado de forma expresa y libre, y que podr\u00e1 ser revocado en cualquier momento, solicit\u00e1ndolo al mismo.<\/p>\n<p>5\u00ba. \u00bfA qu\u00e9 destinatarios se comunicar\u00e1n sus datos?<\/p>\n<p>Los datos se comunicar\u00e1n \u2013por imperativo legal- a las administraciones p\u00fablicas con competencia en la materia y a los encargados de tratamiento (si quiere obtener m\u00e1s informaci\u00f3n sobre estos \u00faltimos, nos la puede solicitar).<\/p>\n<p>No se producen transferencias internacionales de datos.<\/p>\n<p>6\u00ba.\u00bfCu\u00e1les son sus derechos al facilitar sus datos?<\/p>\n<p>Sus derechos son los regulados en el Reglamento General de Protecci\u00f3n de Datos Europeos, es decir:<\/p>\n<p>* Derecho a acceder o rectificar sus datos, a su supresi\u00f3n, a la oposici\u00f3n y limitaci\u00f3n de su tratamiento, y a su portabilidad.<\/p>\n<p>* Derecho a revocar su consentimiento cuando se haya dada para alg\u00fan fin concreto.<\/p>\n<p>* Estos derechos los puede ejercer mediante carta postal certificada o personaci\u00f3n directa y por escrito en nuestra sede, solicit\u00e1ndonos previamente si lo desea un formulario al efecto.<\/p>\n<p>* Tambi\u00e9n tiene derecho a reclamar ante la Autoridad de control cuando no haya obtenido satisfacci\u00f3n en el ejercicio de sus derechos, presentando solicitud escrita por medio del Registro (f\u00edsico o electr\u00f3nico) de la misma.<\/p>\n<p>* Si quiere ampliar informaci\u00f3n sobre en qu\u00e9 consiste cada uno de sus derechos, nos lo puede solicitar por cualquier v\u00eda.<\/p>\n<p>7\u00ba. \u00bfCu\u00e1l es la procedencia de sus datos?.<\/p>\n<p>Sus datos han sido recibidos:<\/p>\n<p>* Porque nos los ha facilitado directamente.<\/p>\n<p>Los datos que se tratan pueden consistir en nombres, apellidos, DNIs, CIFs, tel\u00e9fonos, e-mails, direcciones postales, datos econ\u00f3micos, informaci\u00f3n comercial, as\u00ed como en datos sensibles que se aporten al expediente, tales como informaci\u00f3n sobre salud, ideolog\u00eda, vida sexual, religi\u00f3n, aficiones, etc\u2026<\/p>\n<p>[\/et_pb_text][\/et_pb_column][\/et_pb_row][\/et_pb_section]<\/p>\n","protected":false},"excerpt":{"rendered":"<p>[et_pb_section bb_built=\u00bb1&#8243;][et_pb_row][et_pb_column type=\u00bb4_4&#8243;][et_pb_text _builder_version=\u00bb3.4.1&#8243;] AVISO LEGAL Y POL\u00cdTICA DE PRIVACIDAD &nbsp; MAR\u00cdA DOLORES GARC\u00cdA ROMERO es una profesional no s\u00f3lo comprometida con ofrecer a sus clientes la m\u00e1xima calidad de sus servicios, sino tambi\u00e9n con el escrupuloso cumplimiento de la legislaci\u00f3n vigente en materia de privacidad e internet. Es por ello que, a trav\u00e9s del [&hellip;]<\/p>\n","protected":false},"author":1,"featured_media":0,"parent":0,"menu_order":0,"comment_status":"closed","ping_status":"closed","template":"","meta":{"_monsterinsights_skip_tracking":false,"_monsterinsights_sitenote_active":false,"_monsterinsights_sitenote_note":"","_monsterinsights_sitenote_category":0},"_links":{"self":[{"href":"https:\/\/asesoriaperezgarcia.es\/index.php\/wp-json\/wp\/v2\/pages\/275"}],"collection":[{"href":"https:\/\/asesoriaperezgarcia.es\/index.php\/wp-json\/wp\/v2\/pages"}],"about":[{"href":"https:\/\/asesoriaperezgarcia.es\/index.php\/wp-json\/wp\/v2\/types\/page"}],"author":[{"embeddable":true,"href":"https:\/\/asesoriaperezgarcia.es\/index.php\/wp-json\/wp\/v2\/users\/1"}],"replies":[{"embeddable":true,"href":"https:\/\/asesoriaperezgarcia.es\/index.php\/wp-json\/wp\/v2\/comments?post=275"}],"version-history":[{"count":3,"href":"https:\/\/asesoriaperezgarcia.es\/index.php\/wp-json\/wp\/v2\/pages\/275\/revisions"}],"predecessor-version":[{"id":278,"href":"https:\/\/asesoriaperezgarcia.es\/index.php\/wp-json\/wp\/v2\/pages\/275\/revisions\/278"}],"wp:attachment":[{"href":"https:\/\/asesoriaperezgarcia.es\/index.php\/wp-json\/wp\/v2\/media?parent=275"}],"curies":[{"name":"wp","href":"https:\/\/api.w.org\/{rel}","templated":true}]}}